(6) a composite number?
False
Let a(k) be the first derivative of -101*k**2 + 12*k - 3. Let g be a(3). Let c = 883 - g. Is c a prime number?
False
Suppose 5*k + 19*o - 164163 = 15*o, -k - o + 32833 = 0. Is k composite?
False
Let v = 280 - 276. Suppose 4*x = 2*k - 16226, -4*k + v*x = -5*k + 8131. Is k composite?
True
Let k = 626876 + -105015. Is k a composite number?
False
Let w(q) = -q**2 - 3*q + 11. Let s be w(-5). Let u(r) = 3718*r**3 + 2*r**2 - 7*r + 6. Is u(s) a composite number?
False
Let x be ((-5)/(-5))/(7/(-11123)). Let b = 10612 + x. Is b composite?
True
Let f(p) be the first derivative of -54*p**2 + 13*p - 8. Let o = 47 - 55. Is f(o) a composite number?
False
Let f = -35 - 1. Let q = f - -39. Suppose 5*b - q*d = 2930, -b + 598 = -2*d - d. Is b prime?
False
Suppose 6*k - 218710 = -4*k. Is k composite?
False
Let z(v) = -7*v - 9. Let l be z(-2). Suppose -4*g + 8 = -2*g, 0 = -5*r - l*g + 11035. Is r prime?
True
Let r(o) be the third derivative of 31*o**6/720 - 41*o**5/120 + o**4/3 + 14*o**2. Let x(f) be the second derivative of r(f). Is x(18) composite?
True
Let h = -94 - -123. Suppose 26*b = h*b - 2235. Is b*(5 - (-96)/(-20)) a prime number?
True
Suppose 3*i + 4 = g + 7*i, -g = i - 4. Suppose -g*y + 77 = -1887. Suppose y = 2*q - 311. Is q a composite number?
False
Let y = 1236174 + -404989. Is y prime?
False
Suppose 0 = 227*w - 18023243 - 21212799. Is w a prime number?
False
Suppose 14*w = 8*w + 18. Let r be 3 + -6*w*4/(-24). Suppose r*t - t + 3*u = 8152, 2*u = -3*t + 4891. Is t prime?
False
Let z be -3 - (-8)/((-32)/20). Is 2/z + (-1785)/(-20) a composite number?
False
Suppose -t = 3*o - 74386, -15*t + 5*o - 297523 = -19*t. Is t a composite number?
False
Suppose 34*n - 27*n = 147. Let l(x) = n*x + 39*x**2 + 161 - 82 - 78. Is l(10) a prime number?
True
Let a(c) = -8*c + 113. Let d be a(13). Suppose 3*v = d*v - 12918. Is v composite?
False
Let l(a) = 2 + 5 - 28*a + 22*a + a**2. Let i be l(6). Suppose -3*t = 2*y - 491, i*t + 4*y - 656 = 3*t. Is t a composite number?
False
Let h(f) = 427*f**3 - 11*f**2 + 34*f - 157. Is h(6) a prime number?
False
Is (-5)/3*71391957/(-65) composite?
True
Suppose -15 = -32*r + 27*r. Suppose 4*v + 4*d - 9 - 7 = 0, r*v - 12 = -2*d. Suppose 5*y + 5*x + 723 = 4103, v*x = -y + 685. Is y prime?
True
Suppose -34*f + 29*f = -10, 166701 = 3*r + 3*f. Is r prime?
False
Suppose 126*d = 125*d + 3. Suppose -20203 = -d*r + 4*l, -2*r - l = -1209 - 12256. Is r a composite number?
False
Let x be ((-84)/(-8))/7*10/3. Let w be 642*(-8)/12 - x. Let b = w - -772. Is b a prime number?
False
Let n(o) = 912*o**2 + 4*o - 1. Let u be n(-2). Suppose 264*z - u = 263*z. Is z composite?
True
Is -8 + 366/48 + (-1844163)/(-72) prime?
False
Suppose -853*h - 126604 = -849*h. Let c = 53798 + h. Is c a composite number?
False
Let w(a) = -8*a - 5. Let q be w(9). Let m be 3 + (13/(-11) - 14/q). Suppose -v = 5*t + v - 1245, -487 = -m*t - 3*v. Is t composite?
False
Let n(w) = 4 + 7 - 31 - 255*w + 3. Let h be n(7). Let u = h + 2839. Is u prime?
False
Let d = 7003 - 18182. Is d/(-8) - 141/376 prime?
False
Let i = 69 + -48. Suppose -16*x = -i*x + 11115. Let p = x + -1534. Is p composite?
True
Let i be (-1)/(-2*4/80). Suppose 18*k + i*k = 168196. Is k composite?
False
Let k(i) = 60*i**2 - 58*i - 201. Is k(-18) prime?
False
Suppose -5*q = -3*f + 11042, 2*q = 2*f + 5*q - 7374. Suppose f - 11029 = -5*c. Is c a composite number?
True
Let p be -18 - (-6 - (-9)/(-3) - -5). Let n(f) = 10*f**2 - 29*f - 33. Is n(p) a composite number?
False
Let m be ((-6)/9)/((-4)/6). Let l be m*(-3)/(9/(-276)). Is l/(-2)*((-49)/2 - 2) a prime number?
False
Let d(z) = -152*z**3 + 21*z**2 + 92*z + 5. Is d(-8) prime?
True
Let m = 874 + -547. Let y = m + -112. Suppose -f - y = -6*f. Is f prime?
True
Let h(x) = 374*x**2 + 176*x - 37. Is h(14) a composite number?
False
Let a(o) = 336*o**2 + 2. Let v be a(2). Let d(c) = -79*c + 50. Let r be d(-7). Let x = r + v. Is x a prime number?
True
Suppose -4*n = 2*b - 3*n - 9, -5*n + 25 = 5*b. Suppose 3*r - b*a = -r - 5168, -r - a = 1286. Let g = r - -3022. Is g composite?
False
Suppose 35*v - 31*v - 2*a - 1207424 = 0, 905535 = 3*v + 4*a. Is v a composite number?
True
Let w = -71778 - -260819. Is w a prime number?
True
Let b(y) be the third derivative of 159*y**5/5 + y**4/6 - y**3/6 + 16*y**2. Is b(2) composite?
False
Let f(r) = -3*r - 6. Let t be f(-4). Let o(p) = p**3 + 15*p**2 + 30*p - 1. Let v be o(-2). Is (t/v)/((-14)/76503) composite?
False
Let a(j) = -j**2 - 13*j + 23. Let f be a(-14). Let g be (-7020)/(-16) - 1/(12/f). Suppose 0 = 7*q - 241 - g. Is q a composite number?
False
Let p = 1836 - 2588. Is 4 - (4 - -7) - p composite?
True
Is (62753160/(-26 + 2))/(-5) prime?
True
Suppose -o - 4*g = 9, -o - 2*g - 1 = -0*o. Suppose -9*l = -o*l - 4*c - 27014, 3*c - 15 = 0. Is l composite?
True
Suppose -3*j + 4*n = -53809, -18*n + 53827 = 3*j - 13*n. Is j a prime number?
True
Let i = 181 + -179. Suppose 3*d + 3 = 0, i*t = -0*t + 4*d + 4658. Is t composite?
True
Suppose u + 3 = j, -3*u - 3*j + 7*j = 8. Is -4*((-10288)/u)/(-2) - -3 a prime number?
True
Let z(n) = 56*n**3 + 9*n**2 - 22*n + 6. Suppose 31*c - 35 = 24*c. Is z(c) a prime number?
True
Suppose -4*k = -3*l + 30, 0 = -3*l + k + 11 + 10. Let x be 1277/2 + ((-10)/(-4))/(-5). Suppose 4*a - l*a = -x. Is a composite?
True
Let h = 99067 + -67960. Suppose -9*q + h = -6*q. Is q prime?
True
Suppose 19*i + 21*i - 200 = 0. Suppose 4*y = 5*l - 18604 - 5951, -2*l + i*y = -9805. Is l a prime number?
False
Let s(b) = -3612*b + 1859. Is s(-16) a prime number?
True
Suppose 6*m = -13*m + 317187 + 565496. Is m a composite number?
False
Let o = 19779 - 2056. Is o a prime number?
False
Suppose -2*z - 4*t = 6, 0 = -t - 2*t - 6. Suppose -2*v + m = -z - 3, m - 2 = 0. Suppose g = -v*g + 844. Is g prime?
True
Let d(y) = 2*y - 7. Let p be d(6). Suppose 5*x - 55 = -3*a, -36 = -p*x + a - 1. Is 369 + x/(3 + -7) a composite number?
False
Let u be -2 - (-10)/6 - 1233834/(-18). Suppose -16*b + 15*b - 4*z = -17133, -2*z = 4*b - u. Is b composite?
False
Let k(f) be the first derivative of 13*f**3 - 3*f**2/2 + f + 852. Let x(g) = -g**3 + 4*g**2 + 4*g + 6. Let s be x(5). Is k(s) prime?
True
Let b(v) = v**3 - 11*v**2 + 5. Let x be b(11). Suppose 0 = 3*u - 5*a - 27347, 2*u + 2*a - x*a = 18230. Is u a composite number?
False
Is 2*66835/(-10)*(6 + -5)*-2 composite?
True
Let y be (-5)/(-3)*((-56)/(-20) - 1). Is 3/(y + 25056/(-8358)) a prime number?
False
Let c(b) = -9*b**3 + 3*b + 10*b**3 + 1 + 1 + 3*b**2. Let j be c(-2). Suppose -18*w + 14*w + 3916 = j. Is w a prime number?
False
Let q(u) = 2*u**2 + 7*u - 9 + 0*u**2 - 13. Suppose -5*k = 3*x + 39 - 94, -69 = -5*x + 3*k. Is q(x) a prime number?
False
Suppose 0 = -9*u - 9 - 9. Is 2*(5 + (-6375)/u) prime?
False
Is 28562*(3 + (280/16)/(-7)) prime?
True
Let h(u) = 622*u**3 + 2*u**2 + u - 2. Let q(f) = 5*f**2 + f - 1. Let a(x) = 4*x**2 + 2*x - 1. Let r(m) = -6*a(m) + 5*q(m). Let s be r(7). Is h(s) prime?
False
Suppose 90*h + 1940153 = 22278803. Is h composite?
True
Let z be (-2)/(8/(-10))*2/1. Suppose 0 + 40 = -5*w. Is (z/((-80)/1084))/(2/w) prime?
True
Let v = 26647 - -51012. Is v a prime number?
True
Suppose -j = -11 + 15. Is (-743)/j - (0 - (-15)/20) a prime number?
False
Let r = -45442 - -71609. Is r prime?
False
Let t(v) = 15*v**2 + 9*v - 246. Let g(a) = 7*a**2 + 4*a - 123. Let x(d) = -13*g(d) + 6*t(d). Let q be x(0). Let c = 294 + q. Is c prime?
False
Suppose 0 = 3*r + f + 3, f + 3 = r. Suppose r = 4*u - 5*i - 4728, -i = -14*u + 13*u + 1181. Is u a prime number?
False
Suppose -9 + 72 = 3*s - z, 3*s + 4*z = 48. Let i be ((-8)/(-10) - (-4264)/s) + -4. Suppose 0 = -q, -363 = -3*l + q + i. Is l prime?
True
Let l be (-60)/(-100) + 5292/5. Suppose 5*g - 3*s - 1061 = 0, -4*s + 2*s = -5*g + l. Suppose -3*r = -g - 362. Is r a composite number?
False
Is 1010/(-404) - 56582/(-4) a composite number?
False
Suppose -4*q - 9 = 3. Let n(k) = -22*k + 1 + 9 + 7*k. Is n(q) a prime number?
False
Let a(p) = -11*p + 159. Suppose -5*o + 3*r - 13 = 42, -5*o = 2*r + 30. Let j be -7 - (-3 - 0) - o/2. Is a(j) composite?
True
Let q be 2 + (-21)/6 - (-110634)/12. Let f = q + -2957. Is f a prime number?
False
Is 1/(8/(16/2)) - -1*46806 prime?
True
Suppose 26*r - 1019196 - 376510 = 0. Is r composite?
False
Su